{"id":598,"date":"2011-10-29T21:10:30","date_gmt":"2011-10-29T19:10:30","guid":{"rendered":"http:\/\/www.vandralasteaed.eu\/?page_id=598"},"modified":"2026-01-29T11:09:15","modified_gmt":"2026-01-29T09:09:15","slug":"hoolekogu","status":"publish","type":"page","link":"https:\/\/vandralasteaed.pparnumaa.ee\/?page_id=598","title":{"rendered":"Hoolekogu"},"content":{"rendered":"<p><strong>V\u00c4NDRA LASTEAIA HOOLEKOGU 2025-2026 \u00d5PPEAASTAL <\/strong>(kinnitatud P\u00f5hja-P\u00e4rnumaa Vallavalitsuse 21.10.2025 korraldusega nr 314)<\/p>\n<p>Esimees, aseesimees ja protokollija valitud hoolekogu 30.10.25 protokoll 1.1-4\/2 otsusega<\/p>\n<p><strong>ESIMEES:<\/strong> Priit Rebina<\/p>\n<p><strong>ASEESIMEES<\/strong>: Raul Kiveste<\/p>\n<p><strong>LIIKMED:<\/strong><\/p>\n<p>Sipsikud &#8211; Maris Heldja-P\u00e4rn<\/p>\n<p>Mesimummid &#8211; Mari-Liis Jaanson<\/p>\n<p>Mesik\u00e4pad &#8211; Enno Reinart<\/p>\n<p>Kaisukarud &#8211; Liisi Viira<\/p>\n<p>Puhhid &#8211; Raul Kiveste<\/p>\n<p>P\u00e4ikesej\u00e4nkud &#8211;&nbsp; Stella loite<\/p>\n<p>P\u00f5nnid &#8211; Marie-Liis Orav<\/p>\n<p>Lepatriinud &#8211; Gea Kitsing<\/p>\n<p>M\u00fcrakarud &#8211; Priit Rebina<\/p>\n<p>M\u00f5mmikud &#8211; Sirli V\u00e4lja<\/p>\n<p>\u00d5nneseened &#8211; Kirsika Privits<\/p>\n<p>Vihtra r\u00fchm &#8211; Lily Hansen<\/p>\n<p>Alus: lastevanemate koosolekute protokollid (sept-okt. 2025)<\/p>\n<p>K\u00fclli S\u00f6derholm&nbsp;<\/p>\n<p>Ly Kitsing&nbsp;&nbsp;<\/p>\n<p>Liivi V\u00e4hesoo&nbsp;&nbsp;<\/p>\n<p>Alus: pedagoogilise n\u00f5ukogu otsus 15.09-17.09.25 protokoll<\/p>\n<p><strong>VOLIKOGU ESINDAJA: <\/strong><\/p>\n<p>Peeter Reimann <a href=\"mailto:rein.kontus@pparnumaa.ee\">peeter.reimann@pparnumaa.ee<\/a><\/p>\n<p>Protokollide vaatamiseks kopeeri allolev link:<\/p>\n<p><a href=\"https:\/\/atp.amphora.ee\/pparnumaavv\/index.aspx?o2=113338\">https:\/\/atp.amphora.ee\/pparnumaavv\/index.aspx?o2=113338<\/a>&nbsp;<\/p>\n<p>&nbsp;<\/p>\n<p>&nbsp; &nbsp;<\/p>\n<p>&nbsp;<\/p>\n<p>&nbsp;&nbsp;<\/p>\n<p>&nbsp;<\/p>\n<p>&nbsp;<\/p>\n<p>&nbsp;<\/p>\n<p>&nbsp;<\/p>\n<p>&nbsp;<\/p>\n<p>&nbsp;<\/p>\n<p>&nbsp;<\/p>\n<p>&nbsp;<\/p>\n","protected":false},"excerpt":{"rendered":"<p>V\u00c4NDRA LASTEAIA HOOLEKOGU 2025-2026 \u00d5PPEAASTAL (kinnitatud P\u00f5hja-P\u00e4rnumaa Vallavalitsuse 21.10.2025 korraldusega nr 314) Esimees, aseesimees ja protokollija valitud hoolekogu 30.10.25 protokoll 1.1-4\/2 otsusega ESIMEES: Priit Rebina ASEESIMEES: Raul Kiveste LIIKMED: Sipsikud &#8211; Maris Heldja-P\u00e4rn Mesimummid &#8211; Mari-Liis Jaanson Mesik\u00e4pad &#8211; Enno Reinart Kaisukarud &#8211; Liisi Viira Puhhid &#8211; Raul Kiveste P\u00e4ikesej\u00e4nkud &#8211;&nbsp; Stella loite P\u00f5nnid &#8211; &hellip; <a href=\"https:\/\/vandralasteaed.pparnumaa.ee\/?page_id=598\" class=\"more-link\">Loe edasi<span class=\"screen-reader-text\"> &#8220;Hoolekogu&#8221;<\/span><\/a><\/p>\n","protected":false},"author":1,"featured_media":0,"parent":558,"menu_order":4,"comment_status":"closed","ping_status":"open","template":"","meta":{"ngg_post_thumbnail":0,"footnotes":""},"_links":{"self":[{"href":"https:\/\/vandralasteaed.pparnumaa.ee\/index.php?rest_route=\/wp\/v2\/pages\/598"}],"collection":[{"href":"https:\/\/vandralasteaed.pparnumaa.ee\/index.php?rest_route=\/wp\/v2\/pages"}],"about":[{"href":"https:\/\/vandralasteaed.pparnumaa.ee\/index.php?rest_route=\/wp\/v2\/types\/page"}],"author":[{"embeddable":true,"href":"https:\/\/vandralasteaed.pparnumaa.ee\/index.php?rest_route=\/wp\/v2\/users\/1"}],"replies":[{"embeddable":true,"href":"https:\/\/vandralasteaed.pparnumaa.ee\/index.php?rest_route=%2Fwp%2Fv2%2Fcomments&post=598"}],"version-history":[{"count":86,"href":"https:\/\/vandralasteaed.pparnumaa.ee\/index.php?rest_route=\/wp\/v2\/pages\/598\/revisions"}],"predecessor-version":[{"id":17606,"href":"https:\/\/vandralasteaed.pparnumaa.ee\/index.php?rest_route=\/wp\/v2\/pages\/598\/revisions\/17606"}],"up":[{"embeddable":true,"href":"https:\/\/vandralasteaed.pparnumaa.ee\/index.php?rest_route=\/wp\/v2\/pages\/558"}],"wp:attachment":[{"href":"https:\/\/vandralasteaed.pparnumaa.ee\/index.php?rest_route=%2Fwp%2Fv2%2Fmedia&parent=598"}],"curies":[{"name":"wp","href":"https:\/\/api.w.org\/{rel}","templated":true}]}}

<p><strong>VÄNDRA LASTEAIA HOOLEKOGU 2025-2026 ÕPPEAASTAL </strong>(kinnitatud Põhja-Pärnumaa Vallavalitsuse 21.10.2025 korraldusega nr 314)</p>
<p>Esimees, aseesimees ja protokollija valitud hoolekogu 30.10.25 protokoll 1.1-4/2 otsusega</p>
<p><strong>ESIMEES:</strong> Priit Rebina</p>
<p><strong>ASEESIMEES</strong>: Raul Kiveste</p>
<p><strong>LIIKMED:</strong></p>
<p>Sipsikud &#8211; Maris Heldja-Pärn</p>
<p>Mesimummid &#8211; Mari-Liis Jaanson</p>
<p>Mesikäpad &#8211; Enno Reinart</p>
<p>Kaisukarud &#8211; Liisi Viira</p>
<p>Puhhid &#8211; Raul Kiveste</p>
<p>Päikesejänkud &#8211;&nbsp; Stella loite</p>
<p>Põnnid &#8211; Marie-Liis Orav</p>
<p>Lepatriinud &#8211; Gea Kitsing</p>
<p>Mürakarud &#8211; Priit Rebina</p>
<p>Mõmmikud &#8211; Sirli Välja</p>
<p>Õnneseened &#8211; Kirsika Privits</p>
<p>Vihtra rühm &#8211; Lily Hansen</p>
<p>Alus: lastevanemate koosolekute protokollid (sept-okt. 2025)</p>
<p>Külli Söderholm&nbsp;</p>
<p>Ly Kitsing&nbsp;&nbsp;</p>
<p>Liivi Vähesoo&nbsp;&nbsp;</p>
<p>Alus: pedagoogilise nõukogu otsus 15.09-17.09.25 protokoll</p>
<p><strong>VOLIKOGU ESINDAJA: </strong></p>
<p>Peeter Reimann <a href="mailto:rein.kontus@pparnumaa.ee">peeter.reimann@pparnumaa.ee</a></p>
<p>Protokollide vaatamiseks kopeeri allolev link:</p>
<p><a href="https://atp.amphora.ee/pparnumaavv/index.aspx?o2=113338">https://atp.amphora.ee/pparnumaavv/index.aspx?o2=113338</a>&nbsp;</p>
<p>&nbsp;</p>
<p>&nbsp; &nbsp;</p>
<p>&nbsp;</p>
<p>&nbsp;&nbsp;</p>
<p>&nbsp;</p>
<p>&nbsp;</p>
<p>&nbsp;</p>
<p>&nbsp;</p>
<p>&nbsp;</p>
<p>&nbsp;</p>
<p>&nbsp;</p>
<p>&nbsp;</p>

<p>VÄNDRA LASTEAIA HOOLEKOGU 2025-2026 ÕPPEAASTAL (kinnitatud Põhja-Pärnumaa Vallavalitsuse 21.10.2025 korraldusega nr 314) Esimees, aseesimees ja protokollija valitud hoolekogu 30.10.25 protokoll 1.1-4/2 otsusega ESIMEES: Priit Rebina ASEESIMEES: Raul Kiveste LIIKMED: Sipsikud &#8211; Maris Heldja-Pärn Mesimummid &#8211; Mari-Liis Jaanson Mesikäpad &#8211; Enno Reinart Kaisukarud &#8211; Liisi Viira Puhhid &#8211; Raul Kiveste Päikesejänkud &#8211;&nbsp; Stella loite Põnnid &#8211; &hellip; <a href="https://vandralasteaed.pparnumaa.ee/?page_id=598" class="more-link">Loe edasi<span class="screen-reader-text"> &#8220;Hoolekogu&#8221;</span></a></p>
