{"id":627,"date":"2011-10-29T21:24:41","date_gmt":"2011-10-29T19:24:41","guid":{"rendered":"http:\/\/www.vandralasteaed.eu\/?page_id=627"},"modified":"2025-09-02T19:28:05","modified_gmt":"2025-09-02T17:28:05","slug":"seadused","status":"publish","type":"page","link":"https:\/\/vandralasteaed.pparnumaa.ee\/?page_id=627","title":{"rendered":"Seadused"},"content":{"rendered":"<p>Siin all loetelu olulisematest seadustest, millele klikates see avaneb<\/p>\n<table border=\"0\" width=\"100%\" cellspacing=\"0\" cellpadding=\"0\">\n<tbody>\n<tr>\n<td>\n<table border=\"0\" width=\"100%\" cellspacing=\"0\" cellpadding=\"0\">\n<tbody>\n<tr>\n<td width=\"800\"><strong><a href=\"https:\/\/www.riigiteataja.ee\/akt\/101072025002\" target=\"_blank\" rel=\"noopener\">Alusharidusseadus<\/a><\/strong><strong><a href=\"https:\/\/www.riigiteataja.ee\/akt\/113082025001\" target=\"_blank\" rel=\"noopener\">Alushariduse riiklik \u00f5ppekava<\/a><\/strong><\/p>\n<p><strong><a href=\"https:\/\/www.riigiteataja.ee\/akt\/105082025010\" target=\"_blank\" rel=\"noopener\">N\u00f5uded laste toitlustamisele<\/a><\/strong><\/p>\n<p><strong><a href=\"https:\/\/www.riigiteataja.ee\/akt\/128062025006\">Kasvu- ja \u00f5pikeskkonna n\u00f5uded<\/a><\/strong><\/p>\n<p>&nbsp;<\/td>\n<\/tr>\n<\/tbody>\n<\/table>\n<p>&nbsp;<\/td>\n<\/tr>\n<\/tbody>\n<\/table>\n","protected":false},"excerpt":{"rendered":"<p>Siin all loetelu olulisematest seadustest, millele klikates see avaneb AlusharidusseadusAlushariduse riiklik \u00f5ppekava N\u00f5uded laste toitlustamisele Kasvu- ja \u00f5pikeskkonna n\u00f5uded &nbsp; &nbsp;<\/p>\n","protected":false},"author":1,"featured_media":0,"parent":556,"menu_order":4,"comment_status":"closed","ping_status":"open","template":"","meta":{"ngg_post_thumbnail":0,"footnotes":""},"_links":{"self":[{"href":"https:\/\/vandralasteaed.pparnumaa.ee\/index.php?rest_route=\/wp\/v2\/pages\/627"}],"collection":[{"href":"https:\/\/vandralasteaed.pparnumaa.ee\/index.php?rest_route=\/wp\/v2\/pages"}],"about":[{"href":"https:\/\/vandralasteaed.pparnumaa.ee\/index.php?rest_route=\/wp\/v2\/types\/page"}],"author":[{"embeddable":true,"href":"https:\/\/vandralasteaed.pparnumaa.ee\/index.php?rest_route=\/wp\/v2\/users\/1"}],"replies":[{"embeddable":true,"href":"https:\/\/vandralasteaed.pparnumaa.ee\/index.php?rest_route=%2Fwp%2Fv2%2Fcomments&post=627"}],"version-history":[{"count":15,"href":"https:\/\/vandralasteaed.pparnumaa.ee\/index.php?rest_route=\/wp\/v2\/pages\/627\/revisions"}],"predecessor-version":[{"id":17386,"href":"https:\/\/vandralasteaed.pparnumaa.ee\/index.php?rest_route=\/wp\/v2\/pages\/627\/revisions\/17386"}],"up":[{"embeddable":true,"href":"https:\/\/vandralasteaed.pparnumaa.ee\/index.php?rest_route=\/wp\/v2\/pages\/556"}],"wp:attachment":[{"href":"https:\/\/vandralasteaed.pparnumaa.ee\/index.php?rest_route=%2Fwp%2Fv2%2Fmedia&parent=627"}],"curies":[{"name":"wp","href":"https:\/\/api.w.org\/{rel}","templated":true}]}}