{"id":920,"date":"2012-09-19T14:59:29","date_gmt":"2012-09-19T12:59:29","guid":{"rendered":"http:\/\/www.vandralasteaed.eu\/?page_id=920"},"modified":"2026-04-09T07:38:39","modified_gmt":"2026-04-09T05:38:39","slug":"toojuubelid","status":"publish","type":"page","link":"https:\/\/vandralasteaed.pparnumaa.ee\/?page_id=920","title":{"rendered":"T\u00f6\u00f6juubelid"},"content":{"rendered":"<p align=\"center\"><span style=\"color: #0000ff;\"><strong>Kanna endas l\u00e4bi eluaja<\/strong><\/span><\/p>\n<p align=\"center\"><span style=\"color: #0000ff;\"><strong>lapse puhast rikkumata meelt,<\/strong><\/span><\/p>\n<p align=\"center\"><span style=\"color: #0000ff;\"><strong>ole armastuse h\u00e4\u00e4l ja kaja,<\/strong><\/span><\/p>\n<p align=\"center\"><span style=\"color: #0000ff;\"><strong>suuda m\u00f5ista s\u00f5natutki keelt.<\/strong><\/span><\/p>\n<p align=\"center\"><span style=\"color: #0000ff;\"><strong>T\u00c4NAME JA \u00d5NNITLEME T\u00d6\u00d6JUUBELIL!<\/strong><\/span><\/p>\n<p align=\"center\"><strong>MIRJAM VOOR<\/strong>&#8211; 5 t\u00f6\u00f6aastat \u00f5petaja abina V\u00e4ndra Lasteaias, 01.08.2021 a.<\/p>\n<p align=\"center\"><strong>AIRIN LAASMA<\/strong>&#8211; 5 t\u00f6\u00f6aastat \u00f5petaja abina V\u00e4ndra Lasteaias, 28.03.2021 a.&nbsp;<\/p>\n<p align=\"center\"><strong>URVE J\u00dcRJETS<\/strong>&#8211; 40 t\u00f6\u00f6aastat lasteaia\u00f5petajana V\u00e4ndras, 01.08.2021 a.<\/p>\n<p align=\"center\"><strong>SIRJE RAAGA<\/strong>&#8211; 40&nbsp;t\u00f6\u00f6aastat lasteaia\u00f5petajana V\u00e4ndras, 03.08.2021 a.<\/p>\n<p align=\"center\"><strong>AIRI POOL<\/strong>&#8211; 20&nbsp;t\u00f6\u00f6aastat lasteaia\u00f5petajana V\u00e4ndras, 15.08.2021 a.<\/p>\n<p align=\"center\"><strong>SIRJE LEITEN<\/strong>&#8211; 35 t\u00f6\u00f6aastat lasteaia\u00f5petajana V\u00e4ndras, 08.09.2021 a.<\/p>\n<p align=\"center\"><strong>SIIRI SING<\/strong>&#8211; 5 t\u00f6\u00f6aastat tervisedendajana V\u00e4ndra Lasteaias, 02.01.2022 a.<\/p>\n<p align=\"center\"><strong>LIIS KAASMA<\/strong>&#8211; 10 t\u00f6\u00f6aastat \u00f5petaja abina V\u00e4ndra Lasteaias, 13.08.2022 a.<\/p>\n<p align=\"center\"><strong>URVE ROOSE<\/strong>&#8211; 10 t\u00f6\u00f6aastat \u00f5petajana V\u00e4ndra Lasteaias, 27.08.2022 a.<\/p>\n<p align=\"center\"><strong>INGA M\u00c4TAS<\/strong>&#8211; 10 t\u00f6\u00f6aastat \u00f5petaja abina V\u00e4ndra Lasteaias, 01.10.2022 a.<\/p>\n<p align=\"center\"><strong>REET TEDRE<\/strong>&#8211; 10 t\u00f6\u00f6aastat eripedagoog-logopeedina V\u00e4ndra Lasteaias, 02.01.2023 a.<\/p>\n<p align=\"center\"><strong>SIRET LANG<\/strong>&#8211; 10 t\u00f6\u00f6aastat \u00f5petaja abina V\u00e4ndras, 11.07.2023 a.<\/p>\n<p align=\"center\"><strong>TERJE KIIL<\/strong>&#8211; 40 t\u00f6\u00f6aastat lasteaia\u00f5petajana V\u00e4ndras, 01.08.2023 a.<\/p>\n<p align=\"center\"><strong>ESTI M\u00c4E<\/strong>&#8211; 10 t\u00f6\u00f6aastat lasteaia\u00f5petajana V\u00e4ndras, 19.08.2023 a.<\/p>\n<p align=\"center\"><strong>KRISTEL TUISK<\/strong>&#8211; 15 t\u00f6\u00f6aastat lasteaia\u00f5petajana V\u00e4ndras, 25.08.2023 a.<\/p>\n<p align=\"center\"><strong>URVE KULDKEPP<\/strong>&#8211; 5 t\u00f6\u00f6aastat \u00f5petaja abina V\u00e4ndras, 03.09.2023 a.<\/p>\n<p align=\"center\"><strong>AVE NUUT<\/strong> &#8211; 5 t\u00f6\u00f6aastat kokana V\u00e4ndras, 04.03.2024 a.<\/p>\n<p align=\"center\"><strong>TIIU VAINO<\/strong>&#8211; 10 t\u00f6\u00f6aastat muusika\u00f5petajana V\u00e4ndra Lasteaias, 25.08.2019 a.<\/p>\n<p align=\"center\"><strong>K\u00c4TLIN KAROTAM<\/strong> &#8211; 10 t\u00f6\u00f6aastat \u00f5petajana V\u00e4ndras, 01.09.2024 a.<\/p>\n<p align=\"center\"><strong>OLIVIA SELMET<\/strong> &#8211; 15 t\u00f6\u00f6aastat \u00f5petaja abina V\u00e4ndras, 02.09.2024 a.<\/p>\n<p align=\"center\"><strong>LY KITSING<\/strong> &#8211; 5 t\u00f6\u00f6aastat \u00f5petajana V\u00e4ndras, 16.09.2024 a.<\/p>\n<p align=\"center\"><strong>MAIRE LUUASEP<\/strong> &#8211; 10 t\u00f6\u00f6aastat \u00f5petajana V\u00e4ndras, 22.09.2024 a.<\/p>\n<p align=\"center\"><strong>PILLE KELL<\/strong> &#8211; 15 t\u00f6\u00f6aastat \u00f5petaja abina V\u00e4ndras, 01.09.2025 a.<\/p>\n<p align=\"center\">&nbsp;<\/p>\n<p align=\"center\">&nbsp;<\/p>\n","protected":false},"excerpt":{"rendered":"<p>Kanna endas l\u00e4bi eluaja lapse puhast rikkumata meelt, ole armastuse h\u00e4\u00e4l ja kaja, suuda m\u00f5ista s\u00f5natutki keelt. T\u00c4NAME JA \u00d5NNITLEME T\u00d6\u00d6JUUBELIL! MIRJAM VOOR&#8211; 5 t\u00f6\u00f6aastat \u00f5petaja abina V\u00e4ndra Lasteaias, 01.08.2021 a. AIRIN LAASMA&#8211; 5 t\u00f6\u00f6aastat \u00f5petaja abina V\u00e4ndra Lasteaias, 28.03.2021 a.&nbsp; URVE J\u00dcRJETS&#8211; 40 t\u00f6\u00f6aastat lasteaia\u00f5petajana V\u00e4ndras, 01.08.2021 a. SIRJE RAAGA&#8211; 40&nbsp;t\u00f6\u00f6aastat lasteaia\u00f5petajana V\u00e4ndras, 03.08.2021 &hellip; <a href=\"https:\/\/vandralasteaed.pparnumaa.ee\/?page_id=920\" class=\"more-link\">Loe edasi<span class=\"screen-reader-text\"> &#8220;T\u00f6\u00f6juubelid&#8221;<\/span><\/a><\/p>\n","protected":false},"author":1,"featured_media":0,"parent":0,"menu_order":0,"comment_status":"closed","ping_status":"open","template":"","meta":{"ngg_post_thumbnail":0,"footnotes":""},"_links":{"self":[{"href":"https:\/\/vandralasteaed.pparnumaa.ee\/index.php?rest_route=\/wp\/v2\/pages\/920"}],"collection":[{"href":"https:\/\/vandralasteaed.pparnumaa.ee\/index.php?rest_route=\/wp\/v2\/pages"}],"about":[{"href":"https:\/\/vandralasteaed.pparnumaa.ee\/index.php?rest_route=\/wp\/v2\/types\/page"}],"author":[{"embeddable":true,"href":"https:\/\/vandralasteaed.pparnumaa.ee\/index.php?rest_route=\/wp\/v2\/users\/1"}],"replies":[{"embeddable":true,"href":"https:\/\/vandralasteaed.pparnumaa.ee\/index.php?rest_route=%2Fwp%2Fv2%2Fcomments&post=920"}],"version-history":[{"count":65,"href":"https:\/\/vandralasteaed.pparnumaa.ee\/index.php?rest_route=\/wp\/v2\/pages\/920\/revisions"}],"predecessor-version":[{"id":17770,"href":"https:\/\/vandralasteaed.pparnumaa.ee\/index.php?rest_route=\/wp\/v2\/pages\/920\/revisions\/17770"}],"wp:attachment":[{"href":"https:\/\/vandralasteaed.pparnumaa.ee\/index.php?rest_route=%2Fwp%2Fv2%2Fmedia&parent=920"}],"curies":[{"name":"wp","href":"https:\/\/api.w.org\/{rel}","templated":true}]}}

Tööjuubelid

<p align="center"><span style="color: #0000ff;"><strong>Kanna endas läbi eluaja</strong></span></p>
<p align="center"><span style="color: #0000ff;"><strong>lapse puhast rikkumata meelt,</strong></span></p>
<p align="center"><span style="color: #0000ff;"><strong>ole armastuse hääl ja kaja,</strong></span></p>
<p align="center"><span style="color: #0000ff;"><strong>suuda mõista sõnatutki keelt.</strong></span></p>
<p align="center"><span style="color: #0000ff;"><strong>TÄNAME JA ÕNNITLEME TÖÖJUUBELIL!</strong></span></p>
<p align="center"><strong>MIRJAM VOOR</strong>&#8211; 5 tööaastat õpetaja abina Vändra Lasteaias, 01.08.2021 a.</p>
<p align="center"><strong>AIRIN LAASMA</strong>&#8211; 5 tööaastat õpetaja abina Vändra Lasteaias, 28.03.2021 a.&nbsp;</p>
<p align="center"><strong>URVE JÜRJETS</strong>&#8211; 40 tööaastat lasteaiaõpetajana Vändras, 01.08.2021 a.</p>
<p align="center"><strong>SIRJE RAAGA</strong>&#8211; 40&nbsp;tööaastat lasteaiaõpetajana Vändras, 03.08.2021 a.</p>
<p align="center"><strong>AIRI POOL</strong>&#8211; 20&nbsp;tööaastat lasteaiaõpetajana Vändras, 15.08.2021 a.</p>
<p align="center"><strong>SIRJE LEITEN</strong>&#8211; 35 tööaastat lasteaiaõpetajana Vändras, 08.09.2021 a.</p>
<p align="center"><strong>SIIRI SING</strong>&#8211; 5 tööaastat tervisedendajana Vändra Lasteaias, 02.01.2022 a.</p>
<p align="center"><strong>LIIS KAASMA</strong>&#8211; 10 tööaastat õpetaja abina Vändra Lasteaias, 13.08.2022 a.</p>
<p align="center"><strong>URVE ROOSE</strong>&#8211; 10 tööaastat õpetajana Vändra Lasteaias, 27.08.2022 a.</p>
<p align="center"><strong>INGA MÄTAS</strong>&#8211; 10 tööaastat õpetaja abina Vändra Lasteaias, 01.10.2022 a.</p>
<p align="center"><strong>REET TEDRE</strong>&#8211; 10 tööaastat eripedagoog-logopeedina Vändra Lasteaias, 02.01.2023 a.</p>
<p align="center"><strong>SIRET LANG</strong>&#8211; 10 tööaastat õpetaja abina Vändras, 11.07.2023 a.</p>
<p align="center"><strong>TERJE KIIL</strong>&#8211; 40 tööaastat lasteaiaõpetajana Vändras, 01.08.2023 a.</p>
<p align="center"><strong>ESTI MÄE</strong>&#8211; 10 tööaastat lasteaiaõpetajana Vändras, 19.08.2023 a.</p>
<p align="center"><strong>KRISTEL TUISK</strong>&#8211; 15 tööaastat lasteaiaõpetajana Vändras, 25.08.2023 a.</p>
<p align="center"><strong>URVE KULDKEPP</strong>&#8211; 5 tööaastat õpetaja abina Vändras, 03.09.2023 a.</p>
<p align="center"><strong>AVE NUUT</strong> &#8211; 5 tööaastat kokana Vändras, 04.03.2024 a.</p>
<p align="center"><strong>TIIU VAINO</strong>&#8211; 10 tööaastat muusikaõpetajana Vändra Lasteaias, 25.08.2019 a.</p>
<p align="center"><strong>KÄTLIN KAROTAM</strong> &#8211; 10 tööaastat õpetajana Vändras, 01.09.2024 a.</p>
<p align="center"><strong>OLIVIA SELMET</strong> &#8211; 15 tööaastat õpetaja abina Vändras, 02.09.2024 a.</p>
<p align="center"><strong>LY KITSING</strong> &#8211; 5 tööaastat õpetajana Vändras, 16.09.2024 a.</p>
<p align="center"><strong>MAIRE LUUASEP</strong> &#8211; 10 tööaastat õpetajana Vändras, 22.09.2024 a.</p>
<p align="center"><strong>PILLE KELL</strong> &#8211; 15 tööaastat õpetaja abina Vändras, 01.09.2025 a.</p>
<p align="center">&nbsp;</p>
<p align="center">&nbsp;</p>

<p>Kanna endas läbi eluaja lapse puhast rikkumata meelt, ole armastuse hääl ja kaja, suuda mõista sõnatutki keelt. TÄNAME JA ÕNNITLEME TÖÖJUUBELIL! MIRJAM VOOR&#8211; 5 tööaastat õpetaja abina Vändra Lasteaias, 01.08.2021 a. AIRIN LAASMA&#8211; 5 tööaastat õpetaja abina Vändra Lasteaias, 28.03.2021 a.&nbsp; URVE JÜRJETS&#8211; 40 tööaastat lasteaiaõpetajana Vändras, 01.08.2021 a. SIRJE RAAGA&#8211; 40&nbsp;tööaastat lasteaiaõpetajana Vändras, 03.08.2021 &hellip; <a href="https://vandralasteaed.pparnumaa.ee/?page_id=920" class="more-link">Loe edasi<span class="screen-reader-text"> &#8220;Tööjuubelid&#8221;</span></a></p>
